387*m + 393*m = 6. Calculate the highest common factor of 1 and m.
1
Suppose 4 = 4*v - 12. Suppose 4*k + 4*s - 492 = 0, -4 = s - 7. Suppose l - v*l = -k. What is the highest common factor of 8 and l?
8
Suppose 659 = 4*x + 4*t + 227, -x + 108 = -2*t. Let y be 352/(-48) + (-2)/3 + 20. What is the greatest common divisor of x and y?
12
Suppose 11*g = 755 + 224. What is the greatest common divisor of g and 2848?
89
Let j(x) = 26*x + 297. Let q be j(-10). Calculate the greatest common factor of q and 999.
37
Let h(d) = -5*d**2 - d + 1. Let n be h(-2). Let o(s) = 16*s + 6. Let v be o(2). Let m = n + v. What is the greatest common divisor of m and 147?
21
Suppose -3 = -18*s + 17*s. Suppose -g - g = j - 27, -47 = -s*g + 5*j. Calculate the highest common factor of 7 and g.
7
Suppose 286*y = 289*y + u - 7, -5*y - 3*u + 17 = 0. Suppose 0*k = k - 1. What is the greatest common divisor of y and k?
1
Let i(l) = -l**2 - 23*l - 89. Let n be i(-15). Calculate the highest common factor of n and 5.
1
Let q(j) = -j**3 + 6*j**2 - 3*j + 24. Let p be q(5). Calculate the greatest common factor of p and 918.
34
Let k be 12*-5*8/(-20). Let r = -16 + k. Suppose x = r*x - 462. What is the highest common factor of x and 44?
22
Let u = 16 + -19. Let k be (1 + -7)/(u/2). Suppose 945 = 5*w + 2*y, -5*w - 3*y + 202 = -k*w. Calculate the highest common factor of 17 and w.
17
Suppose 3*x - 206 = -4*a, 151 = a + 2*a + 4*x. Calculate the highest common factor of a and 583.
53
Suppose -r = f - 223 + 207, 2*f - 44 = -5*r. What is the greatest common divisor of f and 38?
2
Suppose 15*n = -62 + 782. What is the highest common factor of n and 18?
6
Suppose 4*d - 5*m = 8, -4*m = d - 7*m - 2. Suppose -d*c = 5*j - 29, -6*c - 3*j + 23 = -2*c. What is the greatest common divisor of 14 and c?
2
Let u be 104/5 + 2/10. Let o be -18 + 5 - -6 - -70. Calculate the greatest common factor of o and u.
21
Suppose 0 = -0*t - 2*t + 4. Suppose -420 = -k - t*k. Suppose 0 = 4*q - 5*f - 85, 5*f + 2 = q - 23. Calculate the greatest common divisor of k and q.
20
Suppose -2*v + 452 = 4*x - 2*x, -x - 4*v = -232. What is the greatest common factor of x and 14?
14
Let a = -49 - -87. Let v = a + -2. Calculate the greatest common divisor of 24 and v.
12
Let p(x) = 7*x + 1. Let f(s) = 5*s - 3. Let o be f(1). Let w be p(o). Let m(r) = 134*r**2 + r. Let g be m(1). Calculate the highest common divisor of g and w.
15
Suppose -403*c + 429*c = 1638. Calculate the highest common factor of 261 and c.
9
Let k(z) = 3*z**3 + 8*z**2 - 9*z + 17. Let d be k(3). What is the greatest common divisor of 88 and d?
11
Suppose -k - q = -5*q + 2, -2*k = -5*q + 1. Suppose -2*z = -k*g - 10, 1 = -g + 5. Calculate the highest common divisor of 9 and z.
9
Suppose i - 13*n - 3 = -10*n, 0 = -5*n + 20. What is the greatest common factor of 2790 and i?
15
Let y = -6 - -1. Let b = 74 - y. Suppose l + 4 = b. Calculate the greatest common divisor of l and 15.
15
Suppose -3*a = -4*t - 53, t - 28 = -3*a - 0*t. Calculate the highest common factor of 517 and a.
11
Let v(x) = -2*x**3 - x**2 - 4*x + 3. Let p be v(-3). What is the highest common divisor of 15 and p?
15
Let a(u) = u**3 + 7*u**2 - 7*u + 3. Let c be a(-6). Let j = -78 + c. What is the greatest common divisor of j and 21?
3
Let u(f) = -f**3 - 10*f**2 - 10*f + 3. Let t be u(-10). Let q = t + -47. What is the highest common factor of 8 and q?
8
Suppose -420 = -5*x + 3*r, 2*r + 94 = 3*x - 158. Let h = -5 - -26. Calculate the greatest common divisor of x and h.
21
Let m(c) = -15*c. Let u be m(1). Let x be ((-36)/(-24))/(6/(-44)). Let y = x - u. What is the highest common divisor of y and 4?
4
Let y(m) = -73*m - 1. Let o be y(-1). Suppose 160 = -3*u + 184. Calculate the highest common divisor of o and u.
8
Suppose -11*i = -15*i + 12. What is the highest common factor of i and 3?
3
Let l(o) = o**2 - 9*o - 29. Let t be l(12). Suppose -t*v + 2*v = -60. Calculate the highest common factor of v and 4.
4
Suppose 52 = 2*g + 20. Let z(v) = -4*v - 21. Let t be z(-6). Suppose -4*h - 3*r = -102, -r = -t*h - 0*r + 70. What is the highest common factor of g and h?
8
Let k = 489 + -199. What is the highest common factor of k and 232?
58
Let m = -232 + 358. Suppose 3*j + j = -56. Let c be (-505)/(-35) + 6/j. What is the highest common factor of c and m?
14
Suppose -6*c - 308 = -20. Let u = c - -80. Calculate the highest common divisor of 160 and u.
32
Suppose -3*f + 6857 = -2*o, 2309 = f + 2*o + 2*o. Calculate the highest common factor of f and 21.
21
Suppose 19 = 3*r + 1. Suppose 8*f - 18 = r*f. What is the greatest common divisor of f and 1?
1
Suppose -232 + 245 = p - 4*d, -2*d = 4. Calculate the greatest common factor of 895 and p.
5
Suppose -40*k = -2572 - 1988. What is the greatest common divisor of 285 and k?
57
Let j be (-54)/(-351) + 271/13. Calculate the greatest common divisor of 42 and j.
21
Suppose -4*w + 9 - 1 = 0. Suppose w*r + 6 + 4 = 4*p, 3*r - 5*p = -12. Let j = -6 + 10. Calculate the greatest common divisor of r and j.
1
Let h be (-8)/16*27*(-8)/12. What is the highest common factor of h and 423?
9
Let y(k) = -35*k + 325. Let v be y(9). Calculate the highest common divisor of 20 and v.
10
Let j = -52 + 43. Let k be (-49)/7 + 6 - (0 + j). What is the highest common factor of k and 1?
1
Suppose 2*d = 575 + 129. Calculate the highest common factor of 32 and d.
32
Let h = 15 + -13. Let g(b) = -6*b**2 + 8*b**h - 2 + 5*b - 8. Let x be g(-5). Calculate the greatest common divisor of x and 30.
15
Let v = 21 + -28. Let w(z) = -2*z - 1. Let r be w(v). Calculate the highest common factor of r and 104.
13
Let d = -1563 + 1591. Suppose 2*j - 840 = -2*j. Suppose -t = 2*t - j. What is the highest common divisor of d and t?
14
Let b = 12 + -5. Suppose b*j + 25 = 12*j. Suppose -n = -2*h + 223, -j*h + 535 = n + 4*n. What is the greatest common divisor of 10 and h?
10
Suppose -o - 11 = -4*j, -4*j - 6*o = -3*o - 15. Suppose 4*m = -3*x + 116, j*m = -2*x + 5*m + 82. What is the greatest common factor of x and 5?
5
Let d = 6 + -5. Let z be (4 + -3)*(6 + d). Let g = -56 + 63. Calculate the highest common factor of z and g.
7
Let i = -362 - -438. Calculate the greatest common divisor of 36 and i.
4
Suppose -29*a + 32*a = 0. Suppose 3*j - 2*u = 220, -j + a*j = -u - 72. Calculate the greatest common divisor of j and 19.
19
Suppose -24 = 3*v - 5*q - 423, 5*q = 0. Let i = -53 + v. Suppose 2*o - i = o. What is the highest common divisor of 10 and o?
10
Let s = 727 + -462. Let a be s/3 - (-8)/(-24). Calculate the greatest common factor of a and 8.
8
Let w(b) = 2*b**3 - 10*b**2 + 3*b + 9. Let p be w(5). Suppose p*j - 34 = 23*j. Calculate the highest common divisor of 68 and j.
34
Let c(t) be the first derivative of t**2 - 14*t + 1. Let h be c(11). Suppose -3*q + 8 = 2*k, -k + 12 = 2*k - q. What is the greatest common factor of h and k?
4
Let p be 210/50 - ((-18)/10 + 2). Let o be ((-6)/p)/(-2 - (-135)/70). Suppose 945 = -g + 6*g. Calculate the highest common factor of o and g.
21
Let d(n) = 22*n**2 + 10*n + 8. Let t be d(-3). What is the highest common divisor of t and 11?
11
Let p be ((-39)/3 - 4)*-1. Let b(a) = a**2 - 16*a + 13. Let w be b(p). Calculate the greatest common factor of 6 and w.
6
Let h be (4/6)/((-2)/(-3)). Let f be -2 + 3 + h + 2. Suppose -475 = -9*w + f*w. Calculate the greatest common factor of 19 and w.
19
Let t be 3 + 45/(-20) - 2/(-8). Suppose t = v - 2, -4*v + 87 = 3*j. What is the highest common divisor of 5 and j?
5
Let i(j) = 4*j**2 - 7*j - 4. Let k be i(-6). Suppose k = 3*p - 103. Suppose 40 = 5*c - 76 + 21. Calculate the greatest common factor of c and p.
19
Suppose -43*p = -281 - 1095. Calculate the greatest common divisor of p and 168.
8
Let t = -1175 + 1320. Calculate the highest common factor of 2465 and t.
145
Let t be -10*(-147)/14 + -9. What is the greatest common divisor of t and 156?
12
Suppose 0 = -24*q + 3793 + 3071. Calculate the greatest common factor of q and 44.
22
Let c(o) = o**3 - 11*o**2 - 9*o + 11. Let s be c(12). Calculate the highest common factor of 517 and s.
47
Suppose 30*y + 9 = 33*y. Suppose 0 = -y*k + 3*g + 126, 3*k + 46 = 4*k - 2*g. Calculate the greatest common factor of k and 114.
38
Let v be 467 + 9/9*-7. Calculate the highest common divisor of v and 805.
115
Sup